{"id":100,"date":"2018-06-21T13:10:12","date_gmt":"2018-06-21T11:10:12","guid":{"rendered":"http:\/\/amjd.ch\/?page_id=100"},"modified":"2018-08-29T22:11:09","modified_gmt":"2018-08-29T20:11:09","slug":"vol-en-salle","status":"publish","type":"page","link":"https:\/\/amjd.ch\/index.php\/le-club\/vol-en-salle\/","title":{"rendered":"Vol en salle"},"content":{"rendered":"\n\t\t<style>\n\t\t\t#gallery-1 {\n\t\t\t\tmargin: auto;\n\t\t\t}\n\t\t\t#gallery-1 .gallery-item {\n\t\t\t\tfloat: left;\n\t\t\t\tmargin-top: 10px;\n\t\t\t\ttext-align: center;\n\t\t\t\twidth: 33%;\n\t\t\t}\n\t\t\t#gallery-1 img {\n\t\t\t\tborder: 2px solid #cfcfcf;\n\t\t\t}\n\t\t\t#gallery-1 .gallery-caption {\n\t\t\t\tmargin-left: 0;\n\t\t\t}\n\t\t\t\/* see gallery_shortcode() in wp-includes\/media.php *\/\n\t\t<\/style>\n\t\t<div id='gallery-1' class='gallery galleryid-100 gallery-columns-3 gallery-size-large'><dl class='gallery-item'>\n\t\t\t<dt class='gallery-icon landscape'>\n\t\t\t\t<a href='https:\/\/amjd.ch\/wp-content\/uploads\/2018\/06\/DSC03750-e1534447126603.jpg'><img loading=\"lazy\" decoding=\"async\" width=\"1024\" height=\"768\" src=\"https:\/\/amjd.ch\/wp-content\/uploads\/2018\/06\/DSC03750-1024x768.jpg\" class=\"attachment-large size-large\" alt=\"\" srcset=\"https:\/\/amjd.ch\/wp-content\/uploads\/2018\/06\/DSC03750-e1534447126603.jpg 1024w, https:\/\/amjd.ch\/wp-content\/uploads\/2018\/06\/DSC03750-320x240.jpg 320w, https:\/\/amjd.ch\/wp-content\/uploads\/2018\/06\/DSC03750-768x576.jpg 768w\" sizes=\"auto, (max-width: 1024px) 100vw, 1024px\" \/><\/a>\n\t\t\t<\/dt><\/dl><dl class='gallery-item'>\n\t\t\t<dt class='gallery-icon landscape'>\n\t\t\t\t<a href='https:\/\/amjd.ch\/wp-content\/uploads\/2018\/08\/20171126_173814.jpg'><img loading=\"lazy\" decoding=\"async\" width=\"1024\" height=\"768\" src=\"https:\/\/amjd.ch\/wp-content\/uploads\/2018\/08\/20171126_173814-1024x768.jpg\" class=\"attachment-large size-large\" alt=\"\" srcset=\"https:\/\/amjd.ch\/wp-content\/uploads\/2018\/08\/20171126_173814.jpg 1024w, https:\/\/amjd.ch\/wp-content\/uploads\/2018\/08\/20171126_173814-320x240.jpg 320w, https:\/\/amjd.ch\/wp-content\/uploads\/2018\/08\/20171126_173814-768x576.jpg 768w\" sizes=\"auto, (max-width: 1024px) 100vw, 1024px\" \/><\/a>\n\t\t\t<\/dt><\/dl><dl class='gallery-item'>\n\t\t\t<dt class='gallery-icon landscape'>\n\t\t\t\t<a href='https:\/\/amjd.ch\/wp-content\/uploads\/2018\/08\/2013-02-17-16.45.07.jpg'><img loading=\"lazy\" decoding=\"async\" width=\"1024\" height=\"768\" src=\"https:\/\/amjd.ch\/wp-content\/uploads\/2018\/08\/2013-02-17-16.45.07-1024x768.jpg\" class=\"attachment-large size-large\" alt=\"\" srcset=\"https:\/\/amjd.ch\/wp-content\/uploads\/2018\/08\/2013-02-17-16.45.07.jpg 1024w, https:\/\/amjd.ch\/wp-content\/uploads\/2018\/08\/2013-02-17-16.45.07-320x240.jpg 320w, https:\/\/amjd.ch\/wp-content\/uploads\/2018\/08\/2013-02-17-16.45.07-768x576.jpg 768w\" sizes=\"auto, (max-width: 1024px) 100vw, 1024px\" \/><\/a>\n\t\t\t<\/dt><\/dl><br style=\"clear: both\" \/>\n\t\t<\/div>\n\n<p>En hiver les mod\u00e9listes n\u2019aiment pas avoir froid aux doigts. c\u2019est pour cela que nous nous retrouvons r\u00e9guli\u00e8rement dans les salles de gym pour y passer d\u2019agr\u00e9ables moments \u00e0 voler en int\u00e9rieur. L&rsquo;occasion permet \u00e9galement \u00e0 nos membres de participer \u00e0 des activit\u00e9s ludiques et formatrices dans une ambiances tr\u00e8s d\u00e9tendue. Si vous voulez plus d\u2019informations vous pouvez vous adresser directement aupr\u00e8s de Didier ou Gabriel.<\/p>\n<p>Adresse de la salle de la Blancherie : Rue de la Blancherie 4, 2800 Del\u00e9mont<\/p>\n<p>Adresse de la salle du Gros-Sceut : Rue du Haut-Fourneau 36, 2800 Del\u00e9mont<\/p>\n<p>Le calendrier de la saison indoor 2018-2019 est disponible sur la page <a href=\"http:\/\/amjd.ch\/index.php\/calendrier-2018\/\">Calendrier<\/a><\/p>\n","protected":false},"excerpt":{"rendered":"<p>En hiver les mod\u00e9listes n\u2019aiment pas avoir froid aux doigts. c\u2019est pour cela que nous nous retrouvons r\u00e9guli\u00e8rement dans les salles de gym pour y passer d\u2019agr\u00e9ables moments \u00e0 voler en int\u00e9rieur. L&rsquo;occasion permet&#46;&#46;&#46;<\/p>\n","protected":false},"author":1,"featured_media":0,"parent":90,"menu_order":0,"comment_status":"closed","ping_status":"closed","template":"","meta":{"footnotes":""},"class_list":["post-100","page","type-page","status-publish","hentry"],"_links":{"self":[{"href":"https:\/\/amjd.ch\/index.php\/wp-json\/wp\/v2\/pages\/100","targetHints":{"allow":["GET"]}}],"collection":[{"href":"https:\/\/amjd.ch\/index.php\/wp-json\/wp\/v2\/pages"}],"about":[{"href":"https:\/\/amjd.ch\/index.php\/wp-json\/wp\/v2\/types\/page"}],"author":[{"embeddable":true,"href":"https:\/\/amjd.ch\/index.php\/wp-json\/wp\/v2\/users\/1"}],"replies":[{"embeddable":true,"href":"https:\/\/amjd.ch\/index.php\/wp-json\/wp\/v2\/comments?post=100"}],"version-history":[{"count":13,"href":"https:\/\/amjd.ch\/index.php\/wp-json\/wp\/v2\/pages\/100\/revisions"}],"predecessor-version":[{"id":307,"href":"https:\/\/amjd.ch\/index.php\/wp-json\/wp\/v2\/pages\/100\/revisions\/307"}],"up":[{"embeddable":true,"href":"https:\/\/amjd.ch\/index.php\/wp-json\/wp\/v2\/pages\/90"}],"wp:attachment":[{"href":"https:\/\/amjd.ch\/index.php\/wp-json\/wp\/v2\/media?parent=100"}],"curies":[{"name":"wp","href":"https:\/\/api.w.org\/{rel}","templated":true}]}}

<style>
			#gallery-1 {
				margin: auto;
			}
			#gallery-1 .gallery-item {
				float: left;
				margin-top: 10px;
				text-align: center;
				width: 33%;
			}
			#gallery-1 img {
				border: 2px solid #cfcfcf;
			}
			#gallery-1 .gallery-caption {
				margin-left: 0;
			}
			/* see gallery_shortcode() in wp-includes/media.php */
		</style>
		<div id='gallery-1' class='gallery galleryid-100 gallery-columns-3 gallery-size-large'><dl class='gallery-item'>
			<dt class='gallery-icon landscape'>
				<a href='https://amjd.ch/wp-content/uploads/2018/06/DSC03750-e1534447126603.jpg'><img loading="lazy" decoding="async" width="1024" height="768" src="https://amjd.ch/wp-content/uploads/2018/06/DSC03750-1024x768.jpg" class="attachment-large size-large" alt="" srcset="https://amjd.ch/wp-content/uploads/2018/06/DSC03750-e1534447126603.jpg 1024w, https://amjd.ch/wp-content/uploads/2018/06/DSC03750-320x240.jpg 320w, https://amjd.ch/wp-content/uploads/2018/06/DSC03750-768x576.jpg 768w" sizes="auto, (max-width: 1024px) 100vw, 1024px" /></a>
			</dt></dl><dl class='gallery-item'>
			<dt class='gallery-icon landscape'>
				<a href='https://amjd.ch/wp-content/uploads/2018/08/20171126_173814.jpg'><img loading="lazy" decoding="async" width="1024" height="768" src="https://amjd.ch/wp-content/uploads/2018/08/20171126_173814-1024x768.jpg" class="attachment-large size-large" alt="" srcset="https://amjd.ch/wp-content/uploads/2018/08/20171126_173814.jpg 1024w, https://amjd.ch/wp-content/uploads/2018/08/20171126_173814-320x240.jpg 320w, https://amjd.ch/wp-content/uploads/2018/08/20171126_173814-768x576.jpg 768w" sizes="auto, (max-width: 1024px) 100vw, 1024px" /></a>
			</dt></dl><dl class='gallery-item'>
			<dt class='gallery-icon landscape'>
				<a href='https://amjd.ch/wp-content/uploads/2018/08/2013-02-17-16.45.07.jpg'><img loading="lazy" decoding="async" width="1024" height="768" src="https://amjd.ch/wp-content/uploads/2018/08/2013-02-17-16.45.07-1024x768.jpg" class="attachment-large size-large" alt="" srcset="https://amjd.ch/wp-content/uploads/2018/08/2013-02-17-16.45.07.jpg 1024w, https://amjd.ch/wp-content/uploads/2018/08/2013-02-17-16.45.07-320x240.jpg 320w, https://amjd.ch/wp-content/uploads/2018/08/2013-02-17-16.45.07-768x576.jpg 768w" sizes="auto, (max-width: 1024px) 100vw, 1024px" /></a>
			</dt></dl><br style="clear: both" />
		</div>

<p>En hiver les modélistes n’aiment pas avoir froid aux doigts. c’est pour cela que nous nous retrouvons régulièrement dans les salles de gym pour y passer d’agréables moments à voler en intérieur. L&rsquo;occasion permet également à nos membres de participer à des activités ludiques et formatrices dans une ambiances très détendue. Si vous voulez plus d’informations vous pouvez vous adresser directement auprès de Didier ou Gabriel.</p>
<p>Adresse de la salle de la Blancherie : Rue de la Blancherie 4, 2800 Delémont</p>
<p>Adresse de la salle du Gros-Sceut : Rue du Haut-Fourneau 36, 2800 Delémont</p>
<p>Le calendrier de la saison indoor 2018-2019 est disponible sur la page <a href="http://amjd.ch/index.php/calendrier-2018/">Calendrier</a></p>

<p>En hiver les modélistes n’aiment pas avoir froid aux doigts. c’est pour cela que nous nous retrouvons régulièrement dans les salles de gym pour y passer d’agréables moments à voler en intérieur. L&rsquo;occasion permet&#46;&#46;&#46;</p>
