{"id":94,"date":"2018-06-21T13:00:26","date_gmt":"2018-06-21T11:00:26","guid":{"rendered":"http:\/\/amjd.ch\/?page_id=94"},"modified":"2021-01-05T21:14:37","modified_gmt":"2021-01-05T19:14:37","slug":"reglements-et-inscription","status":"publish","type":"page","link":"https:\/\/amjd.ch\/index.php\/le-club\/reglements-et-inscription\/","title":{"rendered":"R\u00e8glements et inscription"},"content":{"rendered":"<h4>Statuts<\/h4>\n<p>Les statuts de notre club sont disponibles ici en fichier PDF<br \/>\n(Version 2017)<br \/>\n<a href=\"https:\/\/amjd.ch\/wp-content\/uploads\/2021\/01\/statuts-AMJD-ver.2017.pdf\"><img loading=\"lazy\" decoding=\"async\" class=\"alignnone size-full wp-image-2096\" src=\"https:\/\/amjd.ch\/wp-content\/uploads\/2021\/01\/Statuts.jpg\" alt=\"\" width=\"161\" height=\"233\" \/><\/a><\/p>\n<h4>R\u00e8glement de terrain<\/h4>\n<p>Le r\u00e8glement de terrain est disponible ici en fichier PDF<br \/>\n(Version du 9 mars 2012)<br \/>\n<a href=\"http:\/\/amjd.ch\/wp-content\/uploads\/2018\/08\/Reglement-terrain-AMJD.pdf\" target=\"_blank\" rel=\"noopener\"><img loading=\"lazy\" decoding=\"async\" class=\"alignnone wp-image-167 size-full\" src=\"http:\/\/amjd.ch\/wp-content\/uploads\/2018\/08\/Reglement-terrain.jpg\" alt=\"\" width=\"161\" height=\"228\" \/><\/a><\/p>\n<h4>R\u00e8glement pour le vol indoor<\/h4>\n<p>Le r\u00e8glement de vol indoor est disponible ici en fichier PDF<br \/>\n(Version du 3 novembre 2013)<br \/>\n<a href=\"http:\/\/amjd.ch\/wp-content\/uploads\/2018\/08\/Reglement-indoor-AMJD.pdf\" target=\"_blank\" rel=\"noopener\"><img loading=\"lazy\" decoding=\"async\" class=\"alignnone wp-image-168 size-full\" src=\"http:\/\/amjd.ch\/wp-content\/uploads\/2018\/08\/Reglement-indoor.jpg\" alt=\"\" width=\"161\" height=\"230\" \/><\/a><\/p>\n<h4>Formulaire d&rsquo;inscription<\/h4>\n<p>Le formulaire d&rsquo;inscription est disponible ici en fichier PDF<br \/>\n<a href=\"http:\/\/amjd.ch\/wp-content\/uploads\/2018\/09\/Formulaire-d-inscription-18.pdf\" target=\"_blank\" rel=\"noopener\"><img loading=\"lazy\" decoding=\"async\" class=\"alignnone wp-image-172 size-full\" src=\"http:\/\/amjd.ch\/wp-content\/uploads\/2018\/08\/Inscription-AMJD.jpg\" alt=\"\" width=\"161\" height=\"227\" \/><\/a><\/p>\n","protected":false},"excerpt":{"rendered":"<p>Statuts Les statuts de notre club sont disponibles ici en fichier PDF (Version 2017) R\u00e8glement de terrain Le r\u00e8glement de terrain est disponible ici en fichier PDF (Version du 9 mars 2012) R\u00e8glement pour&#46;&#46;&#46;<\/p>\n","protected":false},"author":1,"featured_media":0,"parent":90,"menu_order":0,"comment_status":"closed","ping_status":"closed","template":"","meta":{"footnotes":""},"class_list":["post-94","page","type-page","status-publish","hentry"],"_links":{"self":[{"href":"https:\/\/amjd.ch\/index.php\/wp-json\/wp\/v2\/pages\/94","targetHints":{"allow":["GET"]}}],"collection":[{"href":"https:\/\/amjd.ch\/index.php\/wp-json\/wp\/v2\/pages"}],"about":[{"href":"https:\/\/amjd.ch\/index.php\/wp-json\/wp\/v2\/types\/page"}],"author":[{"embeddable":true,"href":"https:\/\/amjd.ch\/index.php\/wp-json\/wp\/v2\/users\/1"}],"replies":[{"embeddable":true,"href":"https:\/\/amjd.ch\/index.php\/wp-json\/wp\/v2\/comments?post=94"}],"version-history":[{"count":28,"href":"https:\/\/amjd.ch\/index.php\/wp-json\/wp\/v2\/pages\/94\/revisions"}],"predecessor-version":[{"id":2103,"href":"https:\/\/amjd.ch\/index.php\/wp-json\/wp\/v2\/pages\/94\/revisions\/2103"}],"up":[{"embeddable":true,"href":"https:\/\/amjd.ch\/index.php\/wp-json\/wp\/v2\/pages\/90"}],"wp:attachment":[{"href":"https:\/\/amjd.ch\/index.php\/wp-json\/wp\/v2\/media?parent=94"}],"curies":[{"name":"wp","href":"https:\/\/api.w.org\/{rel}","templated":true}]}}